{"id":45,"date":"2022-03-07T21:52:35","date_gmt":"2022-03-07T21:52:35","guid":{"rendered":"http:\/\/www.tanatoriocandean.es\/?page_id=45"},"modified":"2023-09-28T21:57:44","modified_gmt":"2023-09-28T21:57:44","slug":"servicios","status":"publish","type":"page","link":"https:\/\/www.tanatoriocandean.es\/index.php\/servicios\/","title":{"rendered":"Servicios"},"content":{"rendered":"\n<div class=\"wp-block-columns is-layout-flex wp-container-core-columns-is-layout-9d6595d7 wp-block-columns-is-layout-flex\">\n<div class=\"wp-block-column is-layout-flow wp-block-column-is-layout-flow\" style=\"flex-basis:66.66%\">\n<h2 class=\"wp-block-heading\">Cementerio<\/h2>\n\n\n\n<p><strong>Con 18.000 m2, es un complejo situado en un entorno muy tranquilo y acogedor, donde las familias se despedir\u00e1n de sus seres queridos en la m\u00e1s estricta intimidad y tranquilidad.<\/strong><\/p>\n\n\n\n<p><strong>Disponemos de nichos a la venta<\/strong> <strong>para particulares<\/strong>.<\/p>\n\n\n\n<p><strong>LOS NICHOS QUE ADQUIERAN, SON POR DERECHO INDEFINIDO. NO SON POR CONCESION.<\/strong><\/p>\n\n\n\n<p><strong>Facilidades de pago, sin intereses ni financieras.<\/strong><\/p>\n\n\n\n<p><em> <\/em><strong>Si fuese de su inter\u00e9s, puede ponerse en contacto con nosotros <a href=\"http:\/\/www.tanatoriocandean.es\/index.php\/contacto\/\">aqu\u00ed<\/a>, y le informaremos con todo detalle.<\/strong><\/p>\n<\/div>\n\n\n\n<div class=\"wp-block-column is-layout-flow wp-block-column-is-layout-flow\" style=\"flex-basis:33.33%\">\n<figure class=\"wp-block-image size-large is-resized\"><img loading=\"lazy\" decoding=\"async\" src=\"http:\/\/www.tanatoriocandean.es\/wp-content\/uploads\/slider2\/_DSF5199-1024x683.jpeg\" alt=\"\" class=\"wp-image-24\" style=\"width:317px;height:211px\" width=\"317\" height=\"211\" srcset=\"https:\/\/www.tanatoriocandean.es\/wp-content\/uploads\/slider2\/_DSF5199-1024x683.jpeg 1024w, https:\/\/www.tanatoriocandean.es\/wp-content\/uploads\/slider2\/_DSF5199-300x200.jpeg 300w, https:\/\/www.tanatoriocandean.es\/wp-content\/uploads\/slider2\/_DSF5199-768x512.jpeg 768w, https:\/\/www.tanatoriocandean.es\/wp-content\/uploads\/slider2\/_DSF5199-1536x1024.jpeg 1536w, https:\/\/www.tanatoriocandean.es\/wp-content\/uploads\/slider2\/_DSF5199-2048x1365.jpeg 2048w, https:\/\/www.tanatoriocandean.es\/wp-content\/uploads\/slider2\/_DSF5199-272x182.jpeg 272w\" sizes=\"auto, (max-width: 317px) 100vw, 317px\" \/><\/figure>\n<\/div>\n<\/div>\n\n\n\n<div class=\"wp-block-columns is-layout-flex wp-container-core-columns-is-layout-9d6595d7 wp-block-columns-is-layout-flex\">\n<div class=\"wp-block-column is-layout-flow wp-block-column-is-layout-flow\" style=\"flex-basis:33.33%\">\n<figure class=\"wp-block-image size-large\"><img loading=\"lazy\" decoding=\"async\" width=\"1024\" height=\"472\" src=\"http:\/\/www.tanatoriocandean.es\/wp-content\/uploads\/2022\/11\/20220927_120046-1024x472.jpg\" alt=\"\" class=\"wp-image-168\" srcset=\"https:\/\/www.tanatoriocandean.es\/wp-content\/uploads\/2022\/11\/20220927_120046-1024x472.jpg 1024w, https:\/\/www.tanatoriocandean.es\/wp-content\/uploads\/2022\/11\/20220927_120046-300x138.jpg 300w, https:\/\/www.tanatoriocandean.es\/wp-content\/uploads\/2022\/11\/20220927_120046-768x354.jpg 768w, https:\/\/www.tanatoriocandean.es\/wp-content\/uploads\/2022\/11\/20220927_120046-1536x708.jpg 1536w, https:\/\/www.tanatoriocandean.es\/wp-content\/uploads\/2022\/11\/20220927_120046-2048x944.jpg 2048w\" sizes=\"auto, (max-width: 1024px) 100vw, 1024px\" \/><\/figure>\n<\/div>\n\n\n\n<div class=\"wp-block-column is-layout-flow wp-block-column-is-layout-flow\" style=\"flex-basis:66.66%\">\n<h2 class=\"wp-block-heading\">Tanatorio<\/h2>\n\n\n\n<p><strong>Somos el \u00fanico tanatorio de Vigo y comarca, que cuenta con un gran cementerio, lo cual resulta muy c\u00f3modo e \u00edntimo para todas aquellas personas que requieran nuestros servicios funerarios, puesto que una vez finalizada la velaci\u00f3n, se proceder\u00e1 a dar sepultura del ser querido, sin tener que trasladarse a ning\u00fan otro cementerio.<\/strong><\/p>\n\n\n\n<p><strong>El complejo Tanatorio Cande\u00e1n, dispone de un amplio aparcamiento de uso exclusivo y privado, para todos los usuarios de las instalciones.<\/strong><\/p>\n<\/div>\n<\/div>\n\n\n<div class=\"wp-block-image\">\n<figure class=\"aligncenter size-full is-resized\"><img loading=\"lazy\" decoding=\"async\" src=\"http:\/\/www.tanatoriocandean.es\/wp-content\/uploads\/2023\/09\/services.jpg\" alt=\"\" class=\"wp-image-323\" style=\"width:355px;height:182px\" width=\"355\" height=\"182\" srcset=\"https:\/\/www.tanatoriocandean.es\/wp-content\/uploads\/2023\/09\/services.jpg 421w, https:\/\/www.tanatoriocandean.es\/wp-content\/uploads\/2023\/09\/services-300x154.jpg 300w\" sizes=\"auto, (max-width: 355px) 100vw, 355px\" \/><\/figure>\n<\/div>\n\n\n<p class=\"has-text-align-center\"><\/p>\n\n\n\n<p><\/p>\n\n\n\n<div class=\"wp-block-columns is-layout-flex wp-container-core-columns-is-layout-9d6595d7 wp-block-columns-is-layout-flex\">\n<div class=\"wp-block-column is-layout-flow wp-block-column-is-layout-flow\" style=\"flex-basis:66.66%\">\n<h2 class=\"wp-block-heading\">Capilla<\/h2>\n\n\n\n<p><strong>En nuestras instalaciones disponemos de una capilla, para que los que lo deseen, puedan celebrar cualquier tipo de ceremonia, facilit\u00e1ndole si lo requieren, acompa\u00f1amiento musical para hacer ese momento m\u00e1s especial y entra\u00f1able.<\/strong><\/p>\n<\/div>\n\n\n\n<div class=\"wp-block-column is-layout-flow wp-block-column-is-layout-flow\" style=\"flex-basis:33.33%\">\n<figure class=\"wp-block-image size-large is-resized\"><img loading=\"lazy\" decoding=\"async\" src=\"http:\/\/www.tanatoriocandean.es\/wp-content\/uploads\/2022\/11\/20220927_120310-1024x576.jpg\" alt=\"\" class=\"wp-image-180\" style=\"width:397px;height:223px\" width=\"397\" height=\"223\" srcset=\"https:\/\/www.tanatoriocandean.es\/wp-content\/uploads\/2022\/11\/20220927_120310-1024x576.jpg 1024w, https:\/\/www.tanatoriocandean.es\/wp-content\/uploads\/2022\/11\/20220927_120310-300x169.jpg 300w, https:\/\/www.tanatoriocandean.es\/wp-content\/uploads\/2022\/11\/20220927_120310-768x432.jpg 768w, https:\/\/www.tanatoriocandean.es\/wp-content\/uploads\/2022\/11\/20220927_120310-1536x864.jpg 1536w, https:\/\/www.tanatoriocandean.es\/wp-content\/uploads\/2022\/11\/20220927_120310-2048x1152.jpg 2048w\" sizes=\"auto, (max-width: 397px) 100vw, 397px\" \/><\/figure>\n<\/div>\n<\/div>\n\n\n\n<div class=\"wp-block-columns is-layout-flex wp-container-core-columns-is-layout-9d6595d7 wp-block-columns-is-layout-flex\">\n<div class=\"wp-block-column is-layout-flow wp-block-column-is-layout-flow\" style=\"flex-basis:33.33%\">\n<figure class=\"wp-block-image size-large is-resized\"><img loading=\"lazy\" decoding=\"async\" src=\"http:\/\/www.tanatoriocandean.es\/wp-content\/uploads\/2022\/11\/20220927_112923-1024x576.jpg\" alt=\"\" class=\"wp-image-169\" style=\"width:398px;height:223px\" width=\"398\" height=\"223\" srcset=\"https:\/\/www.tanatoriocandean.es\/wp-content\/uploads\/2022\/11\/20220927_112923-1024x576.jpg 1024w, https:\/\/www.tanatoriocandean.es\/wp-content\/uploads\/2022\/11\/20220927_112923-300x169.jpg 300w, https:\/\/www.tanatoriocandean.es\/wp-content\/uploads\/2022\/11\/20220927_112923-768x432.jpg 768w, https:\/\/www.tanatoriocandean.es\/wp-content\/uploads\/2022\/11\/20220927_112923-1536x864.jpg 1536w, https:\/\/www.tanatoriocandean.es\/wp-content\/uploads\/2022\/11\/20220927_112923-2048x1152.jpg 2048w\" sizes=\"auto, (max-width: 398px) 100vw, 398px\" \/><\/figure>\n<\/div>\n\n\n\n<div class=\"wp-block-column is-layout-flow wp-block-column-is-layout-flow\" style=\"flex-basis:66.66%\">\n<h2 class=\"wp-block-heading\">Florister\u00eda<\/h2>\n\n\n\n<p><em><strong>Disponemos de servicio de florister\u00eda para sus encargos.<\/strong><\/em><\/p>\n<\/div>\n<\/div>\n\n\n\n<div class=\"wp-block-columns is-layout-flex wp-container-core-columns-is-layout-9d6595d7 wp-block-columns-is-layout-flex\">\n<div class=\"wp-block-column is-layout-flow wp-block-column-is-layout-flow\" style=\"flex-basis:66.66%\">\n<p><strong>Cafeter\u00eda<\/strong><\/p>\n\n\n\n<p><strong>Est\u00e1 disponible <em>un recinto de cafeter\u00eda con auto servicio<\/em>, con wifi gratuito para todos nuestros usuarios.<\/strong><\/p>\n<\/div>\n\n\n\n<div class=\"wp-block-column is-layout-flow wp-block-column-is-layout-flow\" style=\"flex-basis:33.33%\">\n<figure class=\"wp-block-image size-large\"><img loading=\"lazy\" decoding=\"async\" width=\"1024\" height=\"576\" src=\"http:\/\/www.tanatoriocandean.es\/wp-content\/uploads\/2022\/11\/20220927_121612-1024x576.jpg\" alt=\"\" class=\"wp-image-172\" srcset=\"https:\/\/www.tanatoriocandean.es\/wp-content\/uploads\/2022\/11\/20220927_121612-1024x576.jpg 1024w, https:\/\/www.tanatoriocandean.es\/wp-content\/uploads\/2022\/11\/20220927_121612-300x169.jpg 300w, https:\/\/www.tanatoriocandean.es\/wp-content\/uploads\/2022\/11\/20220927_121612-768x432.jpg 768w, https:\/\/www.tanatoriocandean.es\/wp-content\/uploads\/2022\/11\/20220927_121612-1536x864.jpg 1536w, https:\/\/www.tanatoriocandean.es\/wp-content\/uploads\/2022\/11\/20220927_121612-2048x1152.jpg 2048w\" sizes=\"auto, (max-width: 1024px) 100vw, 1024px\" \/><\/figure>\n<\/div>\n<\/div>\n","protected":false},"excerpt":{"rendered":"<p>Cementerio Con 18.000 m2, es un complejo situado en un entorno muy tranquilo y acogedor, donde las familias se despedir\u00e1n de sus seres queridos en la m\u00e1s estricta intimidad y tranquilidad. Disponemos de nichos a la venta para particulares. LOS NICHOS QUE ADQUIERAN, SON POR DERECHO INDEFINIDO. NO SON POR CONCESION. Facilidades de pago, sin [&hellip;]<\/p>\n","protected":false},"author":1,"featured_media":0,"parent":0,"menu_order":0,"comment_status":"closed","ping_status":"closed","template":"templates\/template-full.php","meta":{"footnotes":""},"class_list":["post-45","page","type-page","status-publish","hentry","post"],"_links":{"self":[{"href":"https:\/\/www.tanatoriocandean.es\/index.php\/wp-json\/wp\/v2\/pages\/45","targetHints":{"allow":["GET"]}}],"collection":[{"href":"https:\/\/www.tanatoriocandean.es\/index.php\/wp-json\/wp\/v2\/pages"}],"about":[{"href":"https:\/\/www.tanatoriocandean.es\/index.php\/wp-json\/wp\/v2\/types\/page"}],"author":[{"embeddable":true,"href":"https:\/\/www.tanatoriocandean.es\/index.php\/wp-json\/wp\/v2\/users\/1"}],"replies":[{"embeddable":true,"href":"https:\/\/www.tanatoriocandean.es\/index.php\/wp-json\/wp\/v2\/comments?post=45"}],"version-history":[{"count":33,"href":"https:\/\/www.tanatoriocandean.es\/index.php\/wp-json\/wp\/v2\/pages\/45\/revisions"}],"predecessor-version":[{"id":339,"href":"https:\/\/www.tanatoriocandean.es\/index.php\/wp-json\/wp\/v2\/pages\/45\/revisions\/339"}],"wp:attachment":[{"href":"https:\/\/www.tanatoriocandean.es\/index.php\/wp-json\/wp\/v2\/media?parent=45"}],"curies":[{"name":"wp","href":"https:\/\/api.w.org\/{rel}","templated":true}]}}

<div class="wp-block-columns is-layout-flex wp-container-core-columns-is-layout-9d6595d7 wp-block-columns-is-layout-flex">
<div class="wp-block-column is-layout-flow wp-block-column-is-layout-flow" style="flex-basis:66.66%">
<h2 class="wp-block-heading">Cementerio</h2>



<p><strong>Con 18.000 m2, es un complejo situado en un entorno muy tranquilo y acogedor, donde las familias se despedirán de sus seres queridos en la más estricta intimidad y tranquilidad.</strong></p>



<p><strong>Disponemos de nichos a la venta</strong> <strong>para particulares</strong>.</p>



<p><strong>LOS NICHOS QUE ADQUIERAN, SON POR DERECHO INDEFINIDO. NO SON POR CONCESION.</strong></p>



<p><strong>Facilidades de pago, sin intereses ni financieras.</strong></p>



<p><em> </em><strong>Si fuese de su interés, puede ponerse en contacto con nosotros <a href="http://www.tanatoriocandean.es/index.php/contacto/">aquí</a>, y le informaremos con todo detalle.</strong></p>
</div>



<div class="wp-block-column is-layout-flow wp-block-column-is-layout-flow" style="flex-basis:33.33%">
<figure class="wp-block-image size-large is-resized"><img loading="lazy" decoding="async" src="http://www.tanatoriocandean.es/wp-content/uploads/slider2/_DSF5199-1024x683.jpeg" alt="" class="wp-image-24" style="width:317px;height:211px" width="317" height="211" srcset="https://www.tanatoriocandean.es/wp-content/uploads/slider2/_DSF5199-1024x683.jpeg 1024w, https://www.tanatoriocandean.es/wp-content/uploads/slider2/_DSF5199-300x200.jpeg 300w, https://www.tanatoriocandean.es/wp-content/uploads/slider2/_DSF5199-768x512.jpeg 768w, https://www.tanatoriocandean.es/wp-content/uploads/slider2/_DSF5199-1536x1024.jpeg 1536w, https://www.tanatoriocandean.es/wp-content/uploads/slider2/_DSF5199-2048x1365.jpeg 2048w, https://www.tanatoriocandean.es/wp-content/uploads/slider2/_DSF5199-272x182.jpeg 272w" sizes="auto, (max-width: 317px) 100vw, 317px" /></figure>
</div>
</div>



<div class="wp-block-columns is-layout-flex wp-container-core-columns-is-layout-9d6595d7 wp-block-columns-is-layout-flex">
<div class="wp-block-column is-layout-flow wp-block-column-is-layout-flow" style="flex-basis:33.33%">
<figure class="wp-block-image size-large"><img loading="lazy" decoding="async" width="1024" height="472" src="http://www.tanatoriocandean.es/wp-content/uploads/2022/11/20220927_120046-1024x472.jpg" alt="" class="wp-image-168" srcset="https://www.tanatoriocandean.es/wp-content/uploads/2022/11/20220927_120046-1024x472.jpg 1024w, https://www.tanatoriocandean.es/wp-content/uploads/2022/11/20220927_120046-300x138.jpg 300w, https://www.tanatoriocandean.es/wp-content/uploads/2022/11/20220927_120046-768x354.jpg 768w, https://www.tanatoriocandean.es/wp-content/uploads/2022/11/20220927_120046-1536x708.jpg 1536w, https://www.tanatoriocandean.es/wp-content/uploads/2022/11/20220927_120046-2048x944.jpg 2048w" sizes="auto, (max-width: 1024px) 100vw, 1024px" /></figure>
</div>



<div class="wp-block-column is-layout-flow wp-block-column-is-layout-flow" style="flex-basis:66.66%">
<h2 class="wp-block-heading">Tanatorio</h2>



<p><strong>Somos el único tanatorio de Vigo y comarca, que cuenta con un gran cementerio, lo cual resulta muy cómodo e íntimo para todas aquellas personas que requieran nuestros servicios funerarios, puesto que una vez finalizada la velación, se procederá a dar sepultura del ser querido, sin tener que trasladarse a ningún otro cementerio.</strong></p>



<p><strong>El complejo Tanatorio Candeán, dispone de un amplio aparcamiento de uso exclusivo y privado, para todos los usuarios de las instalciones.</strong></p>
</div>
</div>


<div class="wp-block-image">
<figure class="aligncenter size-full is-resized"><img loading="lazy" decoding="async" src="http://www.tanatoriocandean.es/wp-content/uploads/2023/09/services.jpg" alt="" class="wp-image-323" style="width:355px;height:182px" width="355" height="182" srcset="https://www.tanatoriocandean.es/wp-content/uploads/2023/09/services.jpg 421w, https://www.tanatoriocandean.es/wp-content/uploads/2023/09/services-300x154.jpg 300w" sizes="auto, (max-width: 355px) 100vw, 355px" /></figure>
</div>


<p class="has-text-align-center"></p>



<p></p>



<div class="wp-block-columns is-layout-flex wp-container-core-columns-is-layout-9d6595d7 wp-block-columns-is-layout-flex">
<div class="wp-block-column is-layout-flow wp-block-column-is-layout-flow" style="flex-basis:66.66%">
<h2 class="wp-block-heading">Capilla</h2>



<p><strong>En nuestras instalaciones disponemos de una capilla, para que los que lo deseen, puedan celebrar cualquier tipo de ceremonia, facilitándole si lo requieren, acompañamiento musical para hacer ese momento más especial y entrañable.</strong></p>
</div>



<div class="wp-block-column is-layout-flow wp-block-column-is-layout-flow" style="flex-basis:33.33%">
<figure class="wp-block-image size-large is-resized"><img loading="lazy" decoding="async" src="http://www.tanatoriocandean.es/wp-content/uploads/2022/11/20220927_120310-1024x576.jpg" alt="" class="wp-image-180" style="width:397px;height:223px" width="397" height="223" srcset="https://www.tanatoriocandean.es/wp-content/uploads/2022/11/20220927_120310-1024x576.jpg 1024w, https://www.tanatoriocandean.es/wp-content/uploads/2022/11/20220927_120310-300x169.jpg 300w, https://www.tanatoriocandean.es/wp-content/uploads/2022/11/20220927_120310-768x432.jpg 768w, https://www.tanatoriocandean.es/wp-content/uploads/2022/11/20220927_120310-1536x864.jpg 1536w, https://www.tanatoriocandean.es/wp-content/uploads/2022/11/20220927_120310-2048x1152.jpg 2048w" sizes="auto, (max-width: 397px) 100vw, 397px" /></figure>
</div>
</div>



<div class="wp-block-columns is-layout-flex wp-container-core-columns-is-layout-9d6595d7 wp-block-columns-is-layout-flex">
<div class="wp-block-column is-layout-flow wp-block-column-is-layout-flow" style="flex-basis:33.33%">
<figure class="wp-block-image size-large is-resized"><img loading="lazy" decoding="async" src="http://www.tanatoriocandean.es/wp-content/uploads/2022/11/20220927_112923-1024x576.jpg" alt="" class="wp-image-169" style="width:398px;height:223px" width="398" height="223" srcset="https://www.tanatoriocandean.es/wp-content/uploads/2022/11/20220927_112923-1024x576.jpg 1024w, https://www.tanatoriocandean.es/wp-content/uploads/2022/11/20220927_112923-300x169.jpg 300w, https://www.tanatoriocandean.es/wp-content/uploads/2022/11/20220927_112923-768x432.jpg 768w, https://www.tanatoriocandean.es/wp-content/uploads/2022/11/20220927_112923-1536x864.jpg 1536w, https://www.tanatoriocandean.es/wp-content/uploads/2022/11/20220927_112923-2048x1152.jpg 2048w" sizes="auto, (max-width: 398px) 100vw, 398px" /></figure>
</div>



<div class="wp-block-column is-layout-flow wp-block-column-is-layout-flow" style="flex-basis:66.66%">
<h2 class="wp-block-heading">Floristería</h2>



<p><em><strong>Disponemos de servicio de floristería para sus encargos.</strong></em></p>
</div>
</div>



<div class="wp-block-columns is-layout-flex wp-container-core-columns-is-layout-9d6595d7 wp-block-columns-is-layout-flex">
<div class="wp-block-column is-layout-flow wp-block-column-is-layout-flow" style="flex-basis:66.66%">
<p><strong>Cafetería</strong></p>



<p><strong>Está disponible <em>un recinto de cafetería con auto servicio</em>, con wifi gratuito para todos nuestros usuarios.</strong></p>
</div>



<div class="wp-block-column is-layout-flow wp-block-column-is-layout-flow" style="flex-basis:33.33%">
<figure class="wp-block-image size-large"><img loading="lazy" decoding="async" width="1024" height="576" src="http://www.tanatoriocandean.es/wp-content/uploads/2022/11/20220927_121612-1024x576.jpg" alt="" class="wp-image-172" srcset="https://www.tanatoriocandean.es/wp-content/uploads/2022/11/20220927_121612-1024x576.jpg 1024w, https://www.tanatoriocandean.es/wp-content/uploads/2022/11/20220927_121612-300x169.jpg 300w, https://www.tanatoriocandean.es/wp-content/uploads/2022/11/20220927_121612-768x432.jpg 768w, https://www.tanatoriocandean.es/wp-content/uploads/2022/11/20220927_121612-1536x864.jpg 1536w, https://www.tanatoriocandean.es/wp-content/uploads/2022/11/20220927_121612-2048x1152.jpg 2048w" sizes="auto, (max-width: 1024px) 100vw, 1024px" /></figure>
</div>
</div>

<p>Cementerio Con 18.000 m2, es un complejo situado en un entorno muy tranquilo y acogedor, donde las familias se despedirán de sus seres queridos en la más estricta intimidad y tranquilidad. Disponemos de nichos a la venta para particulares. LOS NICHOS QUE ADQUIERAN, SON POR DERECHO INDEFINIDO. NO SON POR CONCESION. Facilidades de pago, sin [&hellip;]</p>
